60?
12
Let i be (2 - (-2)/(-1))/1. Suppose -a + 14 + 7 = i. Calculate the greatest common divisor of a and 3.
3
Let t = 73 - 44. Suppose x - 3*l - t = -0*x, -155 = -5*x + 5*l. What is the highest common factor of 48 and x?
16
Let a(b) = -9*b**3 + b**2 + b. Let n be a(-1). Let t be 9/2*10/15. Let g be 3*2*t/2. What is the greatest common divisor of g and n?
9
Let a be 41/2 - 2/(-4). What is the highest common divisor of a and 84?
21
Suppose -h = -340 - 130. Let r = -274 + h. Calculate the highest common factor of 28 and r.
28
Let o be (-6)/4*2/(-3). Let t be -2 + 1/(-1) + 0. Let s(b) = b**3 + 5*b**2 + 2*b - 3. Let m be s(t). Calculate the greatest common factor of o and m.
1
Let q be ((-2)/6)/((-2)/108). Calculate the highest common factor of 2 and q.
2
Let n be (-181)/4 - (-3)/12. Let k be 42/35*n/(-2). Calculate the highest common factor of k and 3.
3
Let o(d) = -2*d - 13. Let b be o(-9). Suppose -b*i - 50 = -0. Let z(a) = a**3 + 10*a**2 - 5*a + 5. Let t be z(i). What is the greatest common factor of t and 5?
5
Let k(q) = 9*q**2 + 2*q - 2. Let a be k(1). Calculate the greatest common divisor of 1 and a.
1
Suppose 30 + 15 = 5*c. Calculate the greatest common divisor of c and 1.
1
Let r(w) = w**3 + 12*w**2 - 17*w - 9. Let t be r(-12). Let n be ((-28)/(-3))/(26/t). What is the highest common factor of 105 and n?
35
Suppose 2*l = 2*h + h - 7, 2*h = 4*l - 6. Let z be (16/(-6))/(2/(-15)). What is the highest common factor of h and z?
5
Let f = -4 + 12. Let t be (-2)/f + 759/(-4). Let a = -71 - t. Calculate the highest common factor of a and 17.
17
Let g be (-626)/(-14) - -1*4/14. Calculate the highest common factor of g and 5.
5
Let z be ((-1)/3)/((-2)/6). Suppose 3*f = -3*b + 27, f - b = -5*b + 24. Suppose -v = v - f. Calculate the highest common divisor of z and v.
1
Let q be -3*((-20)/(-6))/(-2). Suppose -2*u - 40 = 3*u + 4*i, q*i = 2*u + 49. Let w = u - -22. Calculate the highest common divisor of 90 and w.
10
Let w = -321 - -454. Let u(h) = 3*h + 4. Let r be u(5). Calculate the highest common factor of r and w.
19
Let y(s) be the first derivative of -s**4/4 + 8*s**3/3 - s**2 + s - 1. Let r be y(3). What is the highest common factor of 5 and r?
5
Suppose 0 = 9*c - 5*c + 40. Let r be (-2)/c - 679/(-5). Calculate the greatest common factor of 17 and r.
17
Suppose 2*b + 4*z + z - 22 = 0, b = -3*z + 12. What is the highest common factor of 36 and b?
6
Let g be (134/2)/((-2)/(-10)). Suppose -5*d + g = 110. Suppose -4*n + 13 + 23 = 0. What is the greatest common divisor of n and d?
9
Let h be 840/22 + (-20)/110. What is the greatest common factor of 38 and h?
38
Let l = -1 - -7. Let t be ((-87)/l + 3)*-2. Let x = t + -11. Calculate the greatest common divisor of 108 and x.
12
Suppose 6*g = 4*g + 256. Calculate the highest common factor of g and 16.
16
Suppose 4*s = -u + 392, 5*s = -u + 460 + 31. What is the greatest common factor of s and 11?
11
Suppose 7*g = 2*g - 20, 3*p - 110 = 5*g. Let d be p/9*9/1. Calculate the greatest common divisor of 45 and d.
15
Let y(p) = -p**2 + 18*p - 71. Let b be y(10). Let s be (-251)/(-4) + 2/8. What is the greatest common factor of s and b?
9
Let s(p) = 2*p - 6. Let w be s(7). Suppose -q - w = 36. Let t = 1 - q. Calculate the highest common factor of 9 and t.
9
Suppose 5*z = -z + 780. What is the highest common divisor of 52 and z?
26
Suppose 0 = -2*g + 463 - 97. Suppose 5*c = g - 28. What is the greatest common divisor of 279 and c?
31
Suppose 4*p + 0*s - 157 = -s, -4*p = -5*s - 175. Suppose -3*a - 70 = -16. Let c = p + a. Calculate the greatest common divisor of 55 and c.
11
Let d(b) = 13*b**2 + b. Let c be d(-1). Calculate the greatest common divisor of 12 and c.
12
Let r be ((-3)/2)/((-18)/48). Suppose -h + r*h = 1224. Let d be ((-3)/(-2))/(18/h). What is the greatest common divisor of 17 and d?
17
Suppose -88 = -4*k - 2*j, 4*j - j = 0. What is the greatest common divisor of 110 and k?
22
Suppose -3*r = -0*g + 4*g - 1692, -820 = -2*g + 5*r. What is the greatest common factor of 42 and g?
42
Suppose -3*r = -5*j - 35, j + 4*j + 15 = r. What is the greatest common factor of 80 and r?
10
Let j be 1/6 - 4/24. Let n be (-2 + -2 + j)*-5. Let q(r) = 8*r**2 - 5*r + 3. Let w be q(3). What is the highest common factor of n and w?
20
Let q(u) = 2*u - 2. Let c be q(6). Calculate the greatest common divisor of c and 50.
10
Suppose -4*g = -7*g + 24. Suppose 6*u - 3*u - 9 = 0. Suppose u*a - 10 = -2*a. Calculate the highest common divisor of a and g.
2
Let a = 5 + 7. Calculate the greatest common factor of 3 and a.
3
Let w(m) = m**2 + 3*m - 10. Let u be w(4). Suppose -v - 3 = -21. What is the greatest common divisor of u and v?
18
Let g = 14 + -7. What is the greatest common factor of g and 28?
7
Let r(i) = -i**3 - 10*i**2 + 8*i - 9. Let a be r(-11). Let c be 1/1 + (16 - 1). What is the highest common factor of c and a?
8
Let b(s) = s - 1. Suppose -4*j = -32 + 8. Let a be b(j). Let p = -11 - -21. Calculate the highest common divisor of p and a.
5
Suppose -4 = -3*s + z, 0*z + 8 = -2*z. Let t be 1 - s - (-308)/7. What is the greatest common factor of 5 and t?
5
Let r(k) = -2*k + 2 + 2*k**2 + 4*k + k. Let t be r(7). Suppose 7*c - 55 = 2*c. Calculate the highest common divisor of t and c.
11
Let s be 1/(-2 + 1) + 5. Suppose s*v = -v + 40. What is the greatest common factor of 88 and v?
8
Let u = -195 + 283. Suppose 0 = -5*k - 4*f + 86, 0 = 2*k - 7*k - 2*f + u. What is the highest common divisor of k and 54?
18
Let c = 0 + 4. Suppose -c = -3*b + 7*b. Let v be (19 + b)/((-4)/(-6)). Calculate the highest common factor of 3 and v.
3
Suppose -3*x - 8 = -c, 0 = -3*x + 15 - 3. Suppose 0 = -3*l + 4*l - 8. Suppose t - l = -0*t. What is the highest common factor of t and c?
4
Let x(h) = -5*h - 7. Let o be x(-5). Let z be 2*3/(-6)*-18. Calculate the greatest common factor of o and z.
18
Let b = -10 - -20. Suppose -z + 434 = z. Suppose 2*o + c = o + 111, 2*o - z = 3*c. Calculate the greatest common divisor of b and o.
10
Let o be (42/5)/(3/15) - 3. Calculate the greatest common divisor of o and 195.
39
Suppose -5*l + 15 = s - 5*s, 0 = -l + 2*s - 3. What is the highest common divisor of l and 70?
7
Let c = -54 + 68. Calculate the greatest common factor of 7 and c.
7
Suppose 3*k - 7 - 23 = 0. Calculate the highest common divisor of 10 and k.
10
Let j = -208 + 355. Calculate the greatest common factor of 21 and j.
21
Suppose 0 = 2*q + q - 6. Suppose -2*t + q*n + 94 = 0, -n - 170 = -5*t + 53. Let u be -1*(1 - 5*1). What is the highest common divisor of u and t?
4
Suppose -5*i = 15, 5*v + 6*i = 3*i - 9. Suppose v = h - 4. Suppose -4*s = 4*r - 332, h*s + r - 231 = 92. What is the greatest common factor of s and 32?
16
Let m(n) = 19*n - 9. Let i be m(3). Let q = 9 - 3. Calculate the greatest common divisor of i and q.
6
Let f(n) = -n**3 + 4*n**2 - n - 4. Let i be f(3). Let d(y) = 24*y**2 + 3*y - 2. Let c be d(i). What is the greatest common factor of 20 and c?
20
Let j(w) be the second derivative of 35*w**3/6 + 3*w**2/2 - 4*w. Let p be j(4). What is the highest common divisor of 13 and p?
13
Let f be (-4)/5*5/(-2). Suppose -5*v + f = -68. Calculate the highest common factor of v and 56.
14
Suppose 5*d - 5*t - 137 = 143, -273 = -5*d - 2*t. Calculate the greatest common divisor of 11 and d.
11
Suppose 2*n - 4*n - 12 = 0. Let q = 10 + n. Let t be (-76)/(-10) + q/10. What is the highest common divisor of t and 20?
4
Suppose -5*o = -4*z + 155, -3*o = -5*z - 6*o + 203. Suppose 2*l - 6 = -z. Let n = -5 - l. What is the greatest common factor of 12 and n?
12
Let s(w) = -w + 5. Let p be s(-8). What is the greatest common factor of 143 and p?
13
Let w(n) = -n**3 + 6*n**2 + 8*n + 3. Let g be w(7). Let d = 72 + -119. Let s = 63 - d. What is the highest common factor of g and s?
10
Let l(z) = z**3 - 4*z**2 + 3*z + 5. Let t be 3*(16/6 - 1). Let d be l(t). Calculate the greatest common factor of d and 15.
15
Let z(c) = c**3 + 4*c**2 + 8*c + 1. Let q be z(-6). Let w = -61 - q. Suppose -18 = 5*n - w. Calculate the greatest common divisor of 40 and n.
8
Let h be 6040/36 - (-6)/27. What is the greatest common factor of 24 and h?
24
Let v be (-1 - 0)/(6/(-756)). Calculate the highest common factor of 14 and v.
14
Let b(d) = 52*d**2 + 3 + 59*d**2 - 110*d**2 + 4*d. Le